{"id":2074,"date":"2018-06-03T12:23:35","date_gmt":"2018-06-03T10:23:35","guid":{"rendered":"http:\/\/linda-maria-schwarz.at\/?page_id=2074"},"modified":"2023-04-18T10:14:54","modified_gmt":"2023-04-18T08:14:54","slug":"bronze-saeule-2","status":"publish","type":"page","link":"https:\/\/linda-maria-schwarz.at\/?page_id=2074","title":{"rendered":"Architektur Biennale Venedig"},"content":{"rendered":"\n<figure class=\"wp-block-image\"><img loading=\"lazy\" decoding=\"async\" width=\"768\" height=\"1024\" src=\"https:\/\/linda-maria-schwarz.at\/wp-content\/uploads\/2019\/04\/Auswahl-1-768x1024.jpg\" alt=\"\" class=\"wp-image-2214\" srcset=\"https:\/\/linda-maria-schwarz.at\/wp-content\/uploads\/2019\/04\/Auswahl-1-768x1024.jpg 768w, https:\/\/linda-maria-schwarz.at\/wp-content\/uploads\/2019\/04\/Auswahl-1-225x300.jpg 225w\" sizes=\"auto, (max-width: 768px) 100vw, 768px\" \/><\/figure>\n\n\n\n<p>Architektur Biennale Venedig 2018<\/p>\n\n\n\n<p>Eine S\u00e4ule der Menschlichkeit<br>S\u00e4ulen st\u00fctzen, S\u00e4ulen tragen, S\u00e4ulen ragen in den Himmel<br><br>Eine S\u00e4ule, anmutig und gleichzeitig funktional erinnert in seiner archaischen Form an die monolithischen Steine von Stonehenge, die das Prinzip des St\u00fctzens und Tragens \u00e4sthetisch erz\u00e4hlen. Ob der Tempel von Luxor oder die toltekische Architektur, \u00fcberall gibt es Kultst\u00e4tten, die seit Menschengedenken zwecks Verehrung gebaut wurden. Bestimmt im Kirchenbau das tragende Skelett die Form des Bauk\u00f6rpers, so kommt das gleiche Prinzip schon bei den mongolischen Rundzelten zur Anwendung.<\/p>\n\n\n\n<p>Nicht rein zuf\u00e4llig gibt es den Spruch, dass jemand eine tragende S\u00e4ule der Gesellschaft sei. Als \u201eTr\u00e4ger von Frieden und Freiheit\u201c werden Gandhi, Nelson Mandela, Martin Luther King oder die \u00f6sterreichische Friedensnobelpreistr\u00e4gerin Bertha von Suttner genannt.<\/p>\n\n\n\n<p>Wenn man einen Bogen \u00fcber all das im Menschengedenken Geschehene, das daraus resultierende Wissen und die in den jeweiligen Epochen entstandenen Bauten spannt, ist zu erkennen, dass sich \u00fcberall die Philosophie des Menschen widerspiegelt. Nicht nur seine Lebenserfahrungen und Weisheiten finden einen Widerhall in pomp\u00f6sen Pal\u00e4sten und sakralen Bauten, sondern auch seine Empfindungen, seine Empathie sowie sein k\u00fcnstlerisches Herz, egal welcher Herkunft, Geschlecht oder Religion.<\/p>\n\n\n\n<p>Im 18. Jahrhundert ging es um die Frage, \u201ewas den Menschen ausmache\u201c oder wie der Mensch sein solle. Der Deutsche Kultur-Philosoph und Gelehrte Johann Gottfried Herder meinte, dass Menschlichkeit nur teilweise angeboren sei und nach der Geburt erst ausgebildet werden m\u00fcsse: Die Bildung zu ihr sei, \u201eein Werk, das unabl\u00e4ssig fortgesetzt werden muss, oder wir sinken (\u2026) zur rohen Tierheit, zur Brutalit\u00e4t zur\u00fcck.\u201c Ein Mensch kann nur durch seine jeweiligen Taten, wie G\u00fcte, Menschen- und N\u00e4chstenliebe, Barmherzigkeit und Mitgef\u00fchl seine Menschlichkeit vergr\u00f6\u00dfern und demzufolge in seiner Vollkommenheit entfalten.<\/p>\n\n\n\n<p>In diesem Sinne steht die Arbeit von Linda Maria Schwarz: \u201eEine S\u00e4ule der Menschlichkeit\u201c, symbolisch f\u00fcr all diejenigen, die Humanit\u00e4t wirklich leben.<\/p>\n","protected":false},"excerpt":{"rendered":"<p>Architektur Biennale Venedig 2018 Eine S\u00e4ule der MenschlichkeitS\u00e4ulen st\u00fctzen, S\u00e4ulen tragen, S\u00e4ulen ragen in den Himmel Eine S\u00e4ule, anmutig und gleichzeitig funktional erinnert in seiner archaischen Form an die monolithischen Steine von Stonehenge, die das Prinzip des St\u00fctzens und Tragens \u00e4sthetisch erz\u00e4hlen. Ob der Tempel von Luxor oder die toltekische Architektur, \u00fcberall gibt es Kultst\u00e4tten, [&hellip;]<\/p>\n","protected":false},"author":2,"featured_media":0,"parent":0,"menu_order":0,"comment_status":"closed","ping_status":"closed","template":"","meta":{"footnotes":""},"class_list":["post-2074","page","type-page","status-publish","hentry"],"_links":{"self":[{"href":"https:\/\/linda-maria-schwarz.at\/index.php?rest_route=\/wp\/v2\/pages\/2074","targetHints":{"allow":["GET"]}}],"collection":[{"href":"https:\/\/linda-maria-schwarz.at\/index.php?rest_route=\/wp\/v2\/pages"}],"about":[{"href":"https:\/\/linda-maria-schwarz.at\/index.php?rest_route=\/wp\/v2\/types\/page"}],"author":[{"embeddable":true,"href":"https:\/\/linda-maria-schwarz.at\/index.php?rest_route=\/wp\/v2\/users\/2"}],"replies":[{"embeddable":true,"href":"https:\/\/linda-maria-schwarz.at\/index.php?rest_route=%2Fwp%2Fv2%2Fcomments&post=2074"}],"version-history":[{"count":26,"href":"https:\/\/linda-maria-schwarz.at\/index.php?rest_route=\/wp\/v2\/pages\/2074\/revisions"}],"predecessor-version":[{"id":2665,"href":"https:\/\/linda-maria-schwarz.at\/index.php?rest_route=\/wp\/v2\/pages\/2074\/revisions\/2665"}],"wp:attachment":[{"href":"https:\/\/linda-maria-schwarz.at\/index.php?rest_route=%2Fwp%2Fv2%2Fmedia&parent=2074"}],"curies":[{"name":"wp","href":"https:\/\/api.w.org\/{rel}","templated":true}]}}