{"id":120,"date":"2014-02-21T14:12:58","date_gmt":"2014-02-21T12:12:58","guid":{"rendered":"http:\/\/lindamariaschwarz.weblog.mur.at\/?page_id=120"},"modified":"2021-11-23T17:05:01","modified_gmt":"2021-11-23T15:05:01","slug":"2010-2011_walkabout-2","status":"publish","type":"page","link":"https:\/\/linda-maria-schwarz.at\/?page_id=120","title":{"rendered":"Wanderausstellung"},"content":{"rendered":"<p>Im Projekt &#8222;Walkabout&#8220; besch\u00e4ftigt sich Linda Maria Schwarz seit 2009 mit einer weltumspannenden Thematik, die das st\u00e4ndige Wandern aus einer Notwendigkeit heraus beschreibt. Mit dieser Einzelausstellung ist sie von Bukarest \u00fcber Haifa und Jerusalem nach Graz und weiter unterwegs.<\/p>\n<p><em>Walkabout: The starting point of the work, the idea behind it, developed from the reality.<\/em><\/p>\n<p><em>Linda Maria Schwarz paints the portrait of a person who today lives in Austria but have their roots in Rumania and spent 24 years in Israel.<\/em><\/p>\n<p><em>She has painted also people who have accompanied him, who he has met, people who life he has changed. Associations are permitted, but basically it concerns the life story of the protagonist, with which the viewer is confronted.<\/em><\/p>\n<p><em>\u00a0<\/em><\/p>\n","protected":false},"excerpt":{"rendered":"<p>Im Projekt &#8222;Walkabout&#8220; besch\u00e4ftigt sich Linda Maria Schwarz seit 2009 mit einer weltumspannenden Thematik, die das st\u00e4ndige Wandern aus einer Notwendigkeit heraus beschreibt. Mit dieser Einzelausstellung ist sie von Bukarest \u00fcber Haifa und Jerusalem nach Graz und weiter unterwegs. Walkabout: The starting point of the work, the idea behind it, developed from the reality. Linda [&hellip;]<\/p>\n","protected":false},"author":2,"featured_media":0,"parent":0,"menu_order":0,"comment_status":"closed","ping_status":"closed","template":"","meta":{"footnotes":""},"class_list":["post-120","page","type-page","status-publish","hentry"],"_links":{"self":[{"href":"https:\/\/linda-maria-schwarz.at\/index.php?rest_route=\/wp\/v2\/pages\/120","targetHints":{"allow":["GET"]}}],"collection":[{"href":"https:\/\/linda-maria-schwarz.at\/index.php?rest_route=\/wp\/v2\/pages"}],"about":[{"href":"https:\/\/linda-maria-schwarz.at\/index.php?rest_route=\/wp\/v2\/types\/page"}],"author":[{"embeddable":true,"href":"https:\/\/linda-maria-schwarz.at\/index.php?rest_route=\/wp\/v2\/users\/2"}],"replies":[{"embeddable":true,"href":"https:\/\/linda-maria-schwarz.at\/index.php?rest_route=%2Fwp%2Fv2%2Fcomments&post=120"}],"version-history":[{"count":84,"href":"https:\/\/linda-maria-schwarz.at\/index.php?rest_route=\/wp\/v2\/pages\/120\/revisions"}],"predecessor-version":[{"id":2328,"href":"https:\/\/linda-maria-schwarz.at\/index.php?rest_route=\/wp\/v2\/pages\/120\/revisions\/2328"}],"wp:attachment":[{"href":"https:\/\/linda-maria-schwarz.at\/index.php?rest_route=%2Fwp%2Fv2%2Fmedia&parent=120"}],"curies":[{"name":"wp","href":"https:\/\/api.w.org\/{rel}","templated":true}]}}